{"id":2,"date":"2023-12-10T12:33:18","date_gmt":"2023-12-10T11:33:18","guid":{"rendered":"http:\/\/jesscarterexplora.com\/?page_id=2"},"modified":"2023-12-10T13:02:41","modified_gmt":"2023-12-10T12:02:41","slug":"quien-soy","status":"publish","type":"page","link":"https:\/\/jesscarterexplora.com\/index.php\/quien-soy\/","title":{"rendered":"Qui\u00e9n soy"},"content":{"rendered":"\n<p>Mi nombre es Jess y desde bien peque\u00f1ita me ha fascinado la idea de conocer el mundo. Sal\u00ed por primera vez de Espa\u00f1a a mis 18 a\u00f1os (hasta entonces solo pod\u00eda so\u00f1ar con visitar los lugares que ve\u00eda en los libros y en las redes sociales) y desde entonces no he podido parar de so\u00f1ar con conocer lugares nuevos. En este blog quiero compartir gu\u00edas de viajes, recomendaciones y consejos a partir de mi experiencia para as\u00ed ayudar a todo aquel que est\u00e9 preparando su pr\u00f3ximo viaje a uno de los destinos que ya he tenido la suerte de conocer.<\/p>\n","protected":false},"excerpt":{"rendered":"<p>Mi nombre es Jess y desde bien peque\u00f1ita me ha fascinado la idea de conocer el mundo. Sal\u00ed por primera vez de Espa\u00f1a a mis &hellip; <\/p>\n","protected":false},"author":1,"featured_media":0,"parent":0,"menu_order":0,"comment_status":"closed","ping_status":"open","template":"","meta":{"om_disable_all_campaigns":false,"_monsterinsights_skip_tracking":false,"_monsterinsights_sitenote_active":false,"_monsterinsights_sitenote_note":"","_monsterinsights_sitenote_category":0,"footnotes":""},"class_list":["post-2","page","type-page","status-publish","hentry","latest_post"],"aioseo_notices":[],"_links":{"self":[{"href":"https:\/\/jesscarterexplora.com\/index.php\/wp-json\/wp\/v2\/pages\/2","targetHints":{"allow":["GET"]}}],"collection":[{"href":"https:\/\/jesscarterexplora.com\/index.php\/wp-json\/wp\/v2\/pages"}],"about":[{"href":"https:\/\/jesscarterexplora.com\/index.php\/wp-json\/wp\/v2\/types\/page"}],"author":[{"embeddable":true,"href":"https:\/\/jesscarterexplora.com\/index.php\/wp-json\/wp\/v2\/users\/1"}],"replies":[{"embeddable":true,"href":"https:\/\/jesscarterexplora.com\/index.php\/wp-json\/wp\/v2\/comments?post=2"}],"version-history":[{"count":2,"href":"https:\/\/jesscarterexplora.com\/index.php\/wp-json\/wp\/v2\/pages\/2\/revisions"}],"predecessor-version":[{"id":16,"href":"https:\/\/jesscarterexplora.com\/index.php\/wp-json\/wp\/v2\/pages\/2\/revisions\/16"}],"wp:attachment":[{"href":"https:\/\/jesscarterexplora.com\/index.php\/wp-json\/wp\/v2\/media?parent=2"}],"curies":[{"name":"wp","href":"https:\/\/api.w.org\/{rel}","templated":true}]}}